What is the hundred thousands digit of 1545925?
5
What is the thousands digit of 979841?
9
What is the units digit of 922939?
9
What is the units digit of 131192?
2
What is the hundred thousands digit of 3159789?
1
What is the tens digit of 872473?
7
What is the tens digit of 2548749?
4
What is the ten thousands digit of 858692?
5
What is the ten thousands digit of 1533022?
3
What is the tens digit of 722466?
6
What is the hundreds digit of 914520?
5
What is the thousands digit of 59427?
9
What is the thousands digit of 56003?
6
What is the hundred thousands digit of 392947?
3
What is the hundreds digit of 99654?
6
What is the hundred thousands digit of 241097?
2
What is the millions digit of 2026296?
2
What is the ten thousands digit of 19320120?
2
What is the hundred thousands digit of 6176901?
1
What is the thousands digit of 2872886?
2
What is the hundreds digit of 1709898?
8
What is the thousands digit of 20018997?
8
What is the tens digit of 475672?
7
What is the tens digit of 268395?
9
What is the units digit of 479956?
6
What is the hundreds digit of 2822180?
1
What is the tens digit of 102810?
1
What is the tens digit of 453643?
4
What is the tens digit of 6229588?
8
What is the tens digit of 415436?
3
What is the thousands digit of 2715442?
5
What is the tens digit of 16419922?
2
What is the tens digit of 11393?
9
What is the millions digit of 3009655?
3
What is the tens digit of 289969?
6
What is the thousands digit of 302599?
2
What is the hundreds digit of 37075?
0
What is the hundred thousands digit of 351286?
3
What is the units digit of 76220?
0
What is the hundreds digit of 1553108?
1
What is the hundreds digit of 413658?
6
What is the hundred thousands digit of 7082765?
0
What is the units digit of 1990711?
1
What is the ten thousands digit of 3188553?
8
What is the thousands digit of 86414?
6
What is the ten thousands digit of 3719452?
1
What is the ten thousands digit of 1432369?
3
What is the tens digit of 1266250?
5
What is the units digit of 1207287?
7
What is the tens digit of 136346?
4
What is the ten thousands digit of 2078459?
7
What is the millions digit of 4271490?
4
What is the units digit of 302391?
1
What is the tens digit of 140312?
1
What is the hundreds digit of 489404?
4
What is the millions digit of 2456759?
2
What is the units digit of 2985760?
0
What is the thousands digit of 15409557?
9
What is the hundreds digit of 42409?
4
What is the millions digit of 1122216?
1
What is the tens digit of 1836154?
5
What is the units digit of 855999?
9
What is the tens digit of 63141?
4
What is the tens digit of 4389073?
7
What is the ten thousands digit of 329424?
2
What is the hundreds digit of 6981123?
1
What is the thousands digit of 6347619?
7
What is the hundred thousands digit of 21002491?
0
What is the hundred thousands digit of 3345187?
3
What is the hundreds digit of 16498870?
8
What is the millions digit of 1259001?
1
What is the hundreds digit of 8638650?
6
What is the thousands digit of 1234994?
4
What is the hundred thousands digit of 2528609?
5
What is the hundred thousands digit of 25374722?
3
What is the millions digit of 21438996?
1
What is the ten thousands digit of 9045600?
4
What is the thousands digit of 402858?
2
What is the hundreds digit of 45339?
3
What is the ten thousands digit of 10435543?
3
What is the hundreds digit of 9380814?
8
What is the thousands digit of 298184?
8
What is the tens digit of 170188?
8
What is the units digit of 4218887?
7
What is the ten thousands digit of 7081497?
8
What is the hundreds digit of 12276267?
2
What is the ten thousands digit of 318751?
1
What is the hundred thousands digit of 7615795?
6
What is the hundred thousands digit of 14539620?
5
What is the hundreds digit of 182515?
5
What is the hundreds digit of 58766?
7
What is the ten thousands digit of 6135917?
3
What is the units digit of 241428?
8
What is the hundred thousands digit of 772507?
7
What is the units digit of 828550?
0
What is the tens digit of 78073?
7
What is the tens digit of 187641?
4
What is the ten thousands digit of 95193?
9
What is the units digit of 1486476?
6
What is the hundreds digit of 355683?
6
What is the ten thousands digit of 2643987?
4
What is the ten thousands digit of 210824?
1
What is the units digit of 626097?
7
What is the thousands digit of 2711228?
1
What is the tens digit of 202734?
3
What is the hundreds digit of 1399772?
7
What is the hundreds digit of 32083?
0
What is the hundreds digit of 23374530?
5
What is the hundreds digit of 22968264?
2
What is the tens digit of 23959?
5
What is the thousands digit of 262953?
2
What is the ten thousands digit of 12040072?
4
What is the hundred thousands digit of 11460189?
4
What is the thousands digit of 1920218?
0
What is the ten thousands digit of 4740079?
4
What is the units digit of 1931095?
5
What is the hundred thousands digit of 866621?
8
What is the millions digit of 27789108?
7
What is the tens digit of 2819203?
0
What is the ten thousands digit of 219449?
1
What is the units digit of 872618?
8
What is the ten thousands digit of 12151996?
5
What is the tens digit of 20132186?
8
What is the thousands digit of 3416095?
6
What is the hundred thousands digit of 202286?
2
What is the ten thousands digit of 2865241?
6
What is the units digit of 5012142?
2
What is the hundreds digit of 354330?
3
What is the units digit of 596674?
4
What is the ten thousands digit of 386733?
8
What is the tens digit of 2664071?
7
What is the ten thousands digit of 2247038?
4
What is the units digit of 27324?
4
What is the hundred thousands digit of 7998342?
9
What is the hundreds digit of 306062?
0
What is the hundreds digit of 143681?
6
What is the ten thousands digit of 319818?
1
What is the units digit of 3878054?
4
What is the thousands digit of 672805?
2
What is the millions digit of 2083055?
2
What is the ten thousands digit of 847995?
4
What is the hundred thousands digit of 521496?
5
What is the millions digit of 3372334?
3
What is the ten thousands digit of 422892?
2
What is the units digit of 10952458?
8
What is the tens digit of 883005?
0
What is the hundred thousands digit of 480534?
4
What is the thousands digit of 10559257?
9
What is the tens digit of 1721263?
6
What is the ten thousands digit of 363374?
6
What is the units digit of 287284?
4
What is the thousands digit of 23227?
3
What is the tens digit of 114244?
4
What is the thousands digit of 17919222?
9
What is the thousands digit of 655696?
5
What is the hundreds digit of 932195?
1
What is the hundreds digit of 790082?
0
What is the thousands digit of 250478?
0
What is the ten thousands digit of 6919140?
1
What is the units digit of 3382679?
9
What is the hundred thousands digit of 1837393?
8
What is the tens digit of 127077?
7
What is the thousands digit of 2495?
2
What is the units digit of 11547829?
9
What is the thousands digit of 444983?
4
What is the thousands digit of 1215316?
5
What is the hundred thousands digit of 3843430?
8
What is the thousands digit of 37174673?
4
What is the units digit of 2278066?
6
What is the thousands digit of 122751?
2
What is the thousands digit of 1268156?
8
What is the thousands digit of 2126174?
6
What is the ten thousands digit of 420918?
2
What is the hundreds digit of 403902?
9
What is the tens digit of 15083?
8
What is the units digit of 817?
7
What is the ten thousands digit of 213764?
1
What is the thousands digit of 9452559?
2
What is the thousands digit of 350333?
0
What is the hundred thousands digit of 11157770?
1
What is the tens digit of 575548?
4
What is the units digit of 4775501?
1
What is the tens digit of 201934?
3
What is the thousands digit of 1406644?
6
What is the tens digit of 33301?
0
What is the tens digit of 128260?
6
What is the units digit of 7641309?
9
What is the hundreds digit of 98495?
4
What is the hundred thousands digit of 496039?
4
What is the hundreds digit of 29822901?
9
What is the millions digit of 2512406?
2
What is the ten thousands digit of 207588?
0
What is the tens digit of 384323?
2
What is the tens digit of 76366?
6
What is the hundred thousands digit of 1866670?
8
What is the ten thousands digit of 12961306?
6
What is the millions digit of 20533380?
0
What is the units digit of 2